 the highest common divisor of s and a.
5
Suppose -5*a - 47 = -222. Let b be (3 - 2)/1 + a. Calculate the greatest common divisor of b and 9.
9
Suppose -5*y + m + m + 11 = 0, 0 = 2*y + 3*m - 12. Suppose 0 = 5*k - 5*w - 305, -4 = -y*w - 1. What is the greatest common factor of 31 and k?
31
Let j be 1066/91 - 2/(-7). Calculate the highest common divisor of j and 8.
4
Let k be -6 - 2 - (-51 + 12). Let u be 62/(-4)*(-4 - -2). What is the greatest common factor of u and k?
31
Let u be 2 + -2 - (-3 + 2). Let m(d) = d**3 - d**2 + 1. Let v be m(2). Suppose 17 - v = 3*l. Calculate the greatest common divisor of l and u.
1
Suppose 8*f - 3*f - 205 = 0. Calculate the highest common divisor of 82 and f.
41
Suppose 3*d - 288 = -0*d. Let c = d - 56. What is the highest common divisor of c and 16?
8
Suppose 0 = 5*m - 0*m - 220. Calculate the greatest common factor of m and 11.
11
Let i be (1 - -2)*3*-9. Let t = i - -189. Calculate the greatest common factor of t and 12.
12
Suppose 3*h + 6 - 18 = 0. Suppose -s + 2*k + 11 + 38 = 0, h*s + 2*k - 146 = 0. Calculate the highest common factor of 13 and s.
13
Let h be (5/(-3))/(3/(-198)). What is the greatest common divisor of 44 and h?
22
Suppose -102 = -13*n + 678. Calculate the highest common factor of n and 15.
15
Let w(l) = l**2 - 5*l. Let i be w(4). Let d(y) = 2*y - 2. Let t be d(5). Let j be i/(-16) + 22/t. Calculate the greatest common divisor of j and 3.
3
Let s = 12 - 10. Suppose d - s*x = 182, -4*d - 5*x = -d - 535. Calculate the highest common factor of d and 20.
20
Let p = 254 + 16. What is the greatest common factor of 54 and p?
54
Suppose 48 = 4*u + 20. Suppose -2*n - 4 = -18. Calculate the greatest common divisor of n and u.
7
Let d(g) = 3*g**3 - 2*g**2 - 2*g + 1. Let h be d(3). Suppose 3*q - h = -16. Let k = -34 + 55. Calculate the highest common divisor of k and q.
7
Let b(x) = 0 - 3 + 2*x - 3 + 7*x. Let r be b(5). Calculate the greatest common factor of 13 and r.
13
Let c be 364/(-10) - 2/(-5). Suppose 2*w - 5*w = 207. Let p = c - w. Calculate the highest common factor of p and 11.
11
Suppose 3*o + 0*o = 441. Let i be (1/3)/((-7)/(-441)). What is the highest common factor of i and o?
21
Let x be ((-12)/(-15))/((-1)/(-15)). Let o = x + -3. Let p = 15 - o. What is the highest common factor of p and 3?
3
Suppose 2*b = -2, 2*b - 4 = l - 31. Calculate the greatest common divisor of l and 100.
25
Let v = -85 + 125. Let g be 0 + 3*1 + 1. Suppose 0 = g*a - 3*r - v, -5*r + 40 = 4*a - 3*r. What is the greatest common factor of 4 and a?
2
Let n = -13 + 57. Suppose 4*k - 2*k + 4 = d, -n = -2*d - 5*k. Suppose -d = -3*v - v. Calculate the highest common divisor of v and 33.
3
Suppose 3*y + 10 = 2*b - 105, b + 3*y - 53 = 0. What is the highest common factor of b and 7?
7
Let g = 94 + -55. Calculate the highest common divisor of g and 3.
3
Suppose -5*s + 70 = 5*r, 0 = 5*r - 4*s + 20 - 117. What is the greatest common factor of 17 and r?
17
Let u(w) = -w**2 + 6*w + 5. Let h be u(5). What is the highest common factor of h and 15?
5
Let v(s) = -s**2 - 6*s + 18. Let u be v(-8). Let i = -7 - 3. Let b = i + 20. What is the highest common factor of u and b?
2
Let i(b) = b**2 + b + 2. Let t be i(-2). Suppose c + 108 = t*c. Suppose 402*l - 12 = 401*l. What is the greatest common divisor of c and l?
12
Suppose -4*s + 0 - 12 = 0, 4*s + 37 = 5*u. What is the highest common divisor of 40 and u?
5
Let w be 26/(3 + -6 - -4). Calculate the greatest common divisor of 26 and w.
26
Suppose 5*r - 34 = 2*g, 4*r - 2 = 3*r - 2*g. Let z be 86/r + (-4)/(-6). Calculate the highest common factor of z and 165.
15
Let u be (-17)/2*-14 - 4. What is the greatest common divisor of u and 23?
23
Suppose 9*r = 4*r + 20. Suppose -2*u + 2*h - r*h = -8, -4*h + 13 = 3*u. What is the greatest common factor of u and 1?
1
Suppose -5*v = 2*x - 177 - 221, -3*v + 3*x = -243. What is the greatest common factor of 16 and v?
16
Suppose 2*r - 3*o = -4*o + 10, -2*o = -4*r + 36. Let c = 6 - -1. Calculate the highest common factor of r and c.
7
Let s(x) = -x**2 + 7*x + 2. Let m be s(6). Suppose -4*i + 6 = -i. What is the highest common factor of m and i?
2
Let g = -223 - -313. What is the highest common factor of 36 and g?
18
Let p be (-18)/3*4/(-8). Suppose p*k + 3*k - 228 = 0. Calculate the highest common factor of 38 and k.
38
Let c(w) = 7*w**2. Let j be c(-1). Let v = 11 + 1. Suppose i = -2*k + 14, 2*i + 5 - v = -k. Calculate the highest common divisor of k and j.
7
Suppose -6 = 2*w + 4*z, z = -5*w + 2*w + 11. Let s = 113 - 78. What is the greatest common divisor of w and s?
5
Suppose 0 = 2*b + 5*u - 0*u + 20, 4*u + 16 = 5*b. Suppose b*q + 3*q = 12. Calculate the greatest common divisor of 2 and q.
2
Suppose r = -5*m - 0*r + 375, 345 = 5*m - 5*r. What is the highest common divisor of 185 and m?
37
Let d(m) = -m**2 - 1 + 11*m - 2 - 4*m + 0. Let l be d(6). Suppose -s + 5*i = 2 - 15, 0 = 2*s + l*i. Calculate the greatest common divisor of 33 and s.
3
Let b(w) = -w**3 + 9*w**2 + 5*w + 18. Let d be b(9). Calculate the highest common divisor of 9 and d.
9
Let l(k) = 4*k**2 + 11*k - 36. Let o be l(8). Calculate the greatest common divisor of 14 and o.
14
Let m be ((-3 - -7) + -14)/2. Let c(o) = o**3 + 4*o**2 - 5*o + 9. Let u be c(m). What is the highest common divisor of 27 and u?
9
Suppose 4*r - 30 = 6. Suppose 2 + 3 = -5*a. Let g be 71 + a - (1 - 3). Calculate the highest common factor of g and r.
9
Let h(d) = -d**3 - 5*d**2 + 6*d + 8. Let l be h(-6). Suppose -4*v + 5*a + 120 = -111, -5*a = 3*v - 217. What is the highest common divisor of l and v?
8
Let l(v) = 15*v + 6. Let s be l(4). Let f(c) = -c**3 - 12*c**2 + 12*c - 7. Let r be f(-13). What is the greatest common divisor of s and r?
6
Suppose 12*d = -6*d + 1296. What is the greatest common divisor of d and 6?
6
Let n be (-8)/(-5) - (-2)/5. Let g(p) = 3*p + 2. Let t be g(n). Let w be 1058/t - (-4)/(-16). What is the greatest common divisor of 12 and w?
12
Let z = 9 - 3. Let w be (9/(-2))/(z/(-32)). What is the greatest common divisor of 12 and w?
12
Let c(y) = 3*y - 30. Let w be c(19). What is the greatest common factor of 18 and w?
9
Let f = -31 + 66. Calculate the highest common factor of f and 14.
7
Let x(o) = o**2 + 3. Let f be x(3). Suppose 2*m = t - f + 3, -t = -5*m - 6. What is the highest common factor of 44 and t?
11
Suppose -2*m + 3*m = -7. Let p = m + 22. What is the highest common factor of 30 and p?
15
Let k(x) = -23*x + 4. Let f be k(-2). Calculate the highest common factor of 10 and f.
10
Let x = 67 - 41. Calculate the highest common divisor of 234 and x.
26
Suppose -4*j = 2*w - 50, 4*w - 9 = -3*j + 2*j. Calculate the greatest common factor of 117 and j.
13
Suppose -2*v + 3*o - 13 = -0, 2*v = 4*o - 18. Let d = 17 + v. Let b = 26 - d. Calculate the greatest common factor of b and 8.
8
Let o(n) = n + 24. Let t be o(-16). Suppose -2*s + 4*b = -21 + 5, -3*s + 3*b + 18 = 0. Suppose -207 = -s*i - 79. What is the greatest common factor of i and t?
8
Let w = -10 - -35. Let u(s) = -2*s - 2. Let n = -3 - 3. Let o be u(n). What is the greatest common factor of o and w?
5
Let l be (-4)/16 + (-10)/(-8). Suppose -6 = i - 7. Let t be i*-2 - (l + -87). What is the greatest common factor of t and 12?
12
Let q = 192 + -81. What is the greatest common divisor of q and 74?
37
Let u be (-6)/3 + (-7 - -19). Calculate the highest common factor of 25 and u.
5
Let m(q) = 4*q**2 - 5*q - 7. Let k(w) = -3*w - 11. Let z be k(-6). Let g be m(z). Let y = 16 + -2. Calculate the greatest common divisor of y and g.
14
Suppose -2*p - 693 = -13*p. What is the highest common factor of 9 and p?
9
Suppose -2*b + 18 = -14. Calculate the highest common divisor of b and 80.
16
Suppose 2*g = -3*g + 70. What is the highest common divisor of g and 21?
7
Let t(j) = j**2 - j - 3. Let x be t(-3). Let c be 0 + x*-1*-1. Let b be 0 - (-1 + -16) - -1. What is the highest common factor of b and c?
9
Let f(o) = -o**2 + 22*o + 10. Let p be f(10). Calculate the highest common divisor of 26 and p.
26
Let b = -38 - -48. Suppose 0*q = -q. Suppose q*i = 3*i - 270. What is the greatest common factor of i and b?
10
Let d(b) = 0 + 3 - b + 7 - 2. Let r be d(6). What is the greatest common factor of r and 1?
1
Suppose 5*w = r - 5, -2*r - 3*r - 4*w + 54 = 0.